{"id":13,"date":"2024-07-18T09:03:50","date_gmt":"2024-07-18T09:03:50","guid":{"rendered":"https:\/\/gainzaurrutiaabogados.rkinformatika.online\/?page_id=13"},"modified":"2025-04-07T07:19:52","modified_gmt":"2025-04-07T07:19:52","slug":"servicios","status":"publish","type":"page","link":"https:\/\/olgaispizuaabogada.com\/eus\/servicios\/","title":{"rendered":"ZERBITZUAK"},"content":{"rendered":"<div data-elementor-type=\"wp-page\" data-elementor-id=\"13\" class=\"elementor elementor-13\" data-elementor-post-type=\"page\">\n\t\t\t\t<div class=\"elementor-element elementor-element-b576288 e-con-full e-flex e-con e-parent\" data-id=\"b576288\" data-element_type=\"container\" data-e-type=\"container\" data-settings=\"{&quot;background_background&quot;:&quot;classic&quot;}\">\n\t\t\t\t<div class=\"elementor-element elementor-element-b0f809a elementor-widget elementor-widget-heading\" data-id=\"b0f809a\" data-element_type=\"widget\" data-e-type=\"widget\" data-widget_type=\"heading.default\">\n\t\t\t\t<div class=\"elementor-widget-container\">\n\t\t\t\t\t<h2 class=\"elementor-heading-title elementor-size-default\">SERVICIOS<\/h2>\t\t\t\t<\/div>\n\t\t\t\t<\/div>\n\t\t\t\t<div class=\"elementor-element elementor-element-9b0ed73 elementor-widget elementor-widget-heading\" data-id=\"9b0ed73\" data-element_type=\"widget\" data-e-type=\"widget\" data-widget_type=\"heading.default\">\n\t\t\t\t<div class=\"elementor-widget-container\">\n\t\t\t\t\t<h2 class=\"elementor-heading-title elementor-size-default\">Zuzenbide penala eta zuzenbide zibila (familia)<\/h2>\t\t\t\t<\/div>\n\t\t\t\t<\/div>\n\t\t\t\t<\/div>\n\t\t<div class=\"elementor-element elementor-element-872457d e-flex e-con-boxed e-con e-parent\" data-id=\"872457d\" data-element_type=\"container\" data-e-type=\"container\">\n\t\t\t\t\t<div class=\"e-con-inner\">\n\t\t<div class=\"elementor-element elementor-element-dc44d8f e-con-full e-flex e-con e-child\" data-id=\"dc44d8f\" data-element_type=\"container\" data-e-type=\"container\">\n\t\t\t\t<div class=\"elementor-element elementor-element-d1699e4 elementor-widget elementor-widget-image\" data-id=\"d1699e4\" data-element_type=\"widget\" data-e-type=\"widget\" data-widget_type=\"image.default\">\n\t\t\t\t<div class=\"elementor-widget-container\">\n\t\t\t\t\t\t\t\t\t\t\t\t\t\t\t<img fetchpriority=\"high\" decoding=\"async\" width=\"800\" height=\"534\" src=\"https:\/\/olgaispizuaabogada.com\/wp-content\/uploads\/2025\/04\/129362-1024x683.jpg\" class=\"attachment-large size-large wp-image-1021\" alt=\"\" srcset=\"https:\/\/olgaispizuaabogada.com\/wp-content\/uploads\/2025\/04\/129362-1024x683.jpg 1024w, https:\/\/olgaispizuaabogada.com\/wp-content\/uploads\/2025\/04\/129362-300x200.jpg 300w, https:\/\/olgaispizuaabogada.com\/wp-content\/uploads\/2025\/04\/129362-768x512.jpg 768w, https:\/\/olgaispizuaabogada.com\/wp-content\/uploads\/2025\/04\/129362-18x12.jpg 18w, https:\/\/olgaispizuaabogada.com\/wp-content\/uploads\/2025\/04\/129362.jpg 1500w\" sizes=\"(max-width: 800px) 100vw, 800px\" \/>\t\t\t\t\t\t\t\t\t\t\t\t\t\t\t<\/div>\n\t\t\t\t<\/div>\n\t\t\t\t<div class=\"elementor-element elementor-element-809e9c6 elementor-widget elementor-widget-heading\" data-id=\"809e9c6\" data-element_type=\"widget\" data-e-type=\"widget\" data-widget_type=\"heading.default\">\n\t\t\t\t<div class=\"elementor-widget-container\">\n\t\t\t\t\t<h2 class=\"elementor-heading-title elementor-size-default\">Derecho Penal<\/h2>\t\t\t\t<\/div>\n\t\t\t\t<\/div>\n\t\t\t\t<div class=\"elementor-element elementor-element-0169aac elementor-widget elementor-widget-text-editor\" data-id=\"0169aac\" data-element_type=\"widget\" data-e-type=\"widget\" data-widget_type=\"text-editor.default\">\n\t\t\t\t<div class=\"elementor-widget-container\">\n\t\t\t\t\t\t\t\t\t<ul><li class=\"\" data-start=\"276\" data-end=\"335\"><p class=\"\" data-start=\"278\" data-end=\"335\">Defensa y representaci\u00f3n en <strong data-start=\"306\" data-end=\"332\">procedimientos penales<\/strong>.<\/p><\/li><li class=\"\" data-start=\"336\" data-end=\"406\"><p class=\"\" data-start=\"338\" data-end=\"406\">Asistencia a detenidos y declaraciones ante la Polic\u00eda y Juzgados.<\/p><\/li><li class=\"\" data-start=\"407\" data-end=\"484\"><p class=\"\" data-start=\"409\" data-end=\"484\">Delitos contra las personas (lesiones, homicidios, amenazas, coacciones).<\/p><\/li><li class=\"\" data-start=\"485\" data-end=\"549\"><p class=\"\" data-start=\"487\" data-end=\"549\">Delitos contra la propiedad (robos, hurtos, estafas, da\u00f1os).<\/p><\/li><li class=\"\" data-start=\"601\" data-end=\"667\"><p class=\"\" data-start=\"603\" data-end=\"667\">Procedimientos de violencia de g\u00e9nero y \u00f3rdenes de protecci\u00f3n.<\/p><\/li><li class=\"\" data-start=\"668\" data-end=\"728\"><p class=\"\" data-start=\"670\" data-end=\"728\">Recursos ante sentencias y otros procedimientos penales.<\/p><\/li><\/ul>\t\t\t\t\t\t\t\t<\/div>\n\t\t\t\t<\/div>\n\t\t\t\t<\/div>\n\t\t<div class=\"elementor-element elementor-element-068ea60 e-con-full e-flex e-con e-child\" data-id=\"068ea60\" data-element_type=\"container\" data-e-type=\"container\">\n\t\t\t\t<div class=\"elementor-element elementor-element-44df56b elementor-widget elementor-widget-image\" data-id=\"44df56b\" data-element_type=\"widget\" data-e-type=\"widget\" data-widget_type=\"image.default\">\n\t\t\t\t<div class=\"elementor-widget-container\">\n\t\t\t\t\t\t\t\t\t\t\t\t\t\t\t<img decoding=\"async\" width=\"800\" height=\"534\" src=\"https:\/\/olgaispizuaabogada.com\/wp-content\/uploads\/2025\/04\/733-1024x683.jpg\" class=\"attachment-large size-large wp-image-1034\" alt=\"\" srcset=\"https:\/\/olgaispizuaabogada.com\/wp-content\/uploads\/2025\/04\/733-1024x683.jpg 1024w, https:\/\/olgaispizuaabogada.com\/wp-content\/uploads\/2025\/04\/733-300x200.jpg 300w, https:\/\/olgaispizuaabogada.com\/wp-content\/uploads\/2025\/04\/733-768x512.jpg 768w, https:\/\/olgaispizuaabogada.com\/wp-content\/uploads\/2025\/04\/733-18x12.jpg 18w, https:\/\/olgaispizuaabogada.com\/wp-content\/uploads\/2025\/04\/733.jpg 1500w\" sizes=\"(max-width: 800px) 100vw, 800px\" \/>\t\t\t\t\t\t\t\t\t\t\t\t\t\t\t<\/div>\n\t\t\t\t<\/div>\n\t\t\t\t<div class=\"elementor-element elementor-element-b3484be elementor-widget elementor-widget-heading\" data-id=\"b3484be\" data-element_type=\"widget\" data-e-type=\"widget\" data-widget_type=\"heading.default\">\n\t\t\t\t<div class=\"elementor-widget-container\">\n\t\t\t\t\t<h2 class=\"elementor-heading-title elementor-size-default\">Derecho Civil<\/h2>\t\t\t\t<\/div>\n\t\t\t\t<\/div>\n\t\t\t\t<div class=\"elementor-element elementor-element-3e23dd9 elementor-widget elementor-widget-text-editor\" data-id=\"3e23dd9\" data-element_type=\"widget\" data-e-type=\"widget\" data-widget_type=\"text-editor.default\">\n\t\t\t\t<div class=\"elementor-widget-container\">\n\t\t\t\t\t\t\t\t\t<ul><li class=\"\" data-start=\"792\" data-end=\"832\"><p class=\"\" data-start=\"794\" data-end=\"832\">Divorcios, separaciones y nulidades.<\/p><\/li><li class=\"\" data-start=\"835\" data-end=\"877\"><p class=\"\" data-start=\"837\" data-end=\"877\">Guarda, custodia y r\u00e9gimen de visitas.<\/p><\/li><li class=\"\" data-start=\"880\" data-end=\"931\"><p class=\"\" data-start=\"882\" data-end=\"931\">Modificaci\u00f3n de medidas y pensi\u00f3n de alimentos.<\/p><\/li><li class=\"\" data-start=\"975\" data-end=\"1011\"><p class=\"\" data-start=\"977\" data-end=\"1011\">Medidas de protecci\u00f3n a menores.<\/p><\/li><\/ul>\t\t\t\t\t\t\t\t<\/div>\n\t\t\t\t<\/div>\n\t\t\t\t<\/div>\n\t\t\t\t\t<\/div>\n\t\t\t\t<\/div>\n\t\t<div class=\"elementor-element elementor-element-c7c01f7 e-con-full e-flex e-con e-parent\" data-id=\"c7c01f7\" data-element_type=\"container\" data-e-type=\"container\">\n\t\t\t\t<div class=\"elementor-element elementor-element-d1f04f4 elementor-widget-tablet__width-initial elementor-widget__width-initial elementor-invisible elementor-widget elementor-widget-heading\" data-id=\"d1f04f4\" data-element_type=\"widget\" data-e-type=\"widget\" data-settings=\"{&quot;_animation&quot;:&quot;fadeInLeft&quot;}\" data-widget_type=\"heading.default\">\n\t\t\t\t<div class=\"elementor-widget-container\">\n\t\t\t\t\t<h3 class=\"elementor-heading-title elementor-size-default\">Aholkularitza juridiko pertsonalizatua<\/h3>\t\t\t\t<\/div>\n\t\t\t\t<\/div>\n\t\t\t\t<div class=\"elementor-element elementor-element-417c173 elementor-align-center elementor-widget__width-initial elementor-tablet-align-center elementor-invisible elementor-widget elementor-widget-button\" data-id=\"417c173\" data-element_type=\"widget\" data-e-type=\"widget\" data-settings=\"{&quot;_animation&quot;:&quot;fadeInLeft&quot;}\" data-widget_type=\"button.default\">\n\t\t\t\t<div class=\"elementor-widget-container\">\n\t\t\t\t\t\t\t\t\t<div class=\"elementor-button-wrapper\">\n\t\t\t\t\t<a class=\"elementor-button elementor-button-link elementor-size-sm elementor-animation-grow\" href=\"https:\/\/olgaispizuaabogada.com\/eus\/contacto\/\">\n\t\t\t\t\t\t<span class=\"elementor-button-content-wrapper\">\n\t\t\t\t\t\t\t\t\t<span class=\"elementor-button-text\">JARRI GUREKIN HARREMANETAN!<\/span>\n\t\t\t\t\t<\/span>\n\t\t\t\t\t<\/a>\n\t\t\t\t<\/div>\n\t\t\t\t\t\t\t\t<\/div>\n\t\t\t\t<\/div>\n\t\t\t\t<\/div>\n\t\t\t\t<\/div>","protected":false},"excerpt":{"rendered":"<p>SERVICIOS Derecho penal y derecho civil (familia) Derecho Penal Defensa y representaci\u00f3n en procedimientos penales. Asistencia a detenidos y declaraciones ante la Polic\u00eda y Juzgados. Delitos contra las personas (lesiones, homicidios, amenazas, coacciones). Delitos contra la propiedad (robos, hurtos, estafas, da\u00f1os). Procedimientos de violencia de g\u00e9nero y \u00f3rdenes de protecci\u00f3n. Recursos ante sentencias y otros [&hellip;]<\/p>\n","protected":false},"author":3,"featured_media":0,"parent":0,"menu_order":0,"comment_status":"closed","ping_status":"closed","template":"elementor_canvas","meta":{"footnotes":""},"class_list":["post-13","page","type-page","status-publish","hentry"],"yoast_head":"<!-- This site is optimized with the Yoast SEO plugin v27.6 - https:\/\/yoast.com\/product\/yoast-seo-wordpress\/ -->\n<title>Servicios - Despacho Abogados<\/title>\n<meta name=\"robots\" content=\"index, follow, max-snippet:-1, max-image-preview:large, max-video-preview:-1\" \/>\n<link rel=\"canonical\" href=\"https:\/\/olgaispizuaabogada.com\/eus\/servicios\/\" \/>\n<meta property=\"og:locale\" content=\"en_US\" \/>\n<meta property=\"og:type\" content=\"article\" \/>\n<meta property=\"og:title\" content=\"Servicios - Despacho Abogados\" \/>\n<meta property=\"og:description\" content=\"SERVICIOS Derecho penal y derecho civil (familia) Derecho Penal Defensa y representaci\u00f3n en procedimientos penales. Asistencia a detenidos y declaraciones ante la Polic\u00eda y Juzgados. Delitos contra las personas (lesiones, homicidios, amenazas, coacciones). Delitos contra la propiedad (robos, hurtos, estafas, da\u00f1os). Procedimientos de violencia de g\u00e9nero y \u00f3rdenes de protecci\u00f3n. Recursos ante sentencias y otros [&hellip;]\" \/>\n<meta property=\"og:url\" content=\"https:\/\/olgaispizuaabogada.com\/eus\/servicios\/\" \/>\n<meta property=\"og:site_name\" content=\"Despacho Abogados\" \/>\n<meta property=\"article:modified_time\" content=\"2025-04-07T07:19:52+00:00\" \/>\n<meta property=\"og:image\" content=\"https:\/\/olgaispizuaabogada.com\/wp-content\/uploads\/2025\/04\/129362.jpg\" \/>\n\t<meta property=\"og:image:width\" content=\"1500\" \/>\n\t<meta property=\"og:image:height\" content=\"1000\" \/>\n\t<meta property=\"og:image:type\" content=\"image\/jpeg\" \/>\n<meta name=\"twitter:card\" content=\"summary_large_image\" \/>\n<meta name=\"twitter:label1\" content=\"Est. reading time\" \/>\n\t<meta name=\"twitter:data1\" content=\"1 minutua\" \/>\n<script type=\"application\/ld+json\" class=\"yoast-schema-graph\">{\"@context\":\"https:\\\/\\\/schema.org\",\"@graph\":[{\"@type\":\"WebPage\",\"@id\":\"https:\\\/\\\/olgaispizuaabogada.com\\\/servicios\\\/\",\"url\":\"https:\\\/\\\/olgaispizuaabogada.com\\\/servicios\\\/\",\"name\":\"Servicios - Despacho Abogados\",\"isPartOf\":{\"@id\":\"https:\\\/\\\/olgaispizuaabogada.com\\\/#website\"},\"primaryImageOfPage\":{\"@id\":\"https:\\\/\\\/olgaispizuaabogada.com\\\/servicios\\\/#primaryimage\"},\"image\":{\"@id\":\"https:\\\/\\\/olgaispizuaabogada.com\\\/servicios\\\/#primaryimage\"},\"thumbnailUrl\":\"https:\\\/\\\/olgaispizuaabogada.com\\\/wp-content\\\/uploads\\\/2025\\\/04\\\/129362-1024x683.jpg\",\"datePublished\":\"2024-07-18T09:03:50+00:00\",\"dateModified\":\"2025-04-07T07:19:52+00:00\",\"breadcrumb\":{\"@id\":\"https:\\\/\\\/olgaispizuaabogada.com\\\/servicios\\\/#breadcrumb\"},\"inLanguage\":\"eu\",\"potentialAction\":[{\"@type\":\"ReadAction\",\"target\":[\"https:\\\/\\\/olgaispizuaabogada.com\\\/servicios\\\/\"]}]},{\"@type\":\"ImageObject\",\"inLanguage\":\"eu\",\"@id\":\"https:\\\/\\\/olgaispizuaabogada.com\\\/servicios\\\/#primaryimage\",\"url\":\"https:\\\/\\\/olgaispizuaabogada.com\\\/wp-content\\\/uploads\\\/2025\\\/04\\\/129362-1024x683.jpg\",\"contentUrl\":\"https:\\\/\\\/olgaispizuaabogada.com\\\/wp-content\\\/uploads\\\/2025\\\/04\\\/129362-1024x683.jpg\"},{\"@type\":\"BreadcrumbList\",\"@id\":\"https:\\\/\\\/olgaispizuaabogada.com\\\/servicios\\\/#breadcrumb\",\"itemListElement\":[{\"@type\":\"ListItem\",\"position\":1,\"name\":\"Portada\",\"item\":\"https:\\\/\\\/olgaispizuaabogada.com\\\/\"},{\"@type\":\"ListItem\",\"position\":2,\"name\":\"Servicios\"}]},{\"@type\":\"WebSite\",\"@id\":\"https:\\\/\\\/olgaispizuaabogada.com\\\/#website\",\"url\":\"https:\\\/\\\/olgaispizuaabogada.com\\\/\",\"name\":\"Despacho Abogados\",\"description\":\"Derecho penal y derecho civil (familia)\",\"publisher\":{\"@id\":\"https:\\\/\\\/olgaispizuaabogada.com\\\/#organization\"},\"potentialAction\":[{\"@type\":\"SearchAction\",\"target\":{\"@type\":\"EntryPoint\",\"urlTemplate\":\"https:\\\/\\\/olgaispizuaabogada.com\\\/?s={search_term_string}\"},\"query-input\":{\"@type\":\"PropertyValueSpecification\",\"valueRequired\":true,\"valueName\":\"search_term_string\"}}],\"inLanguage\":\"eu\"},{\"@type\":\"Organization\",\"@id\":\"https:\\\/\\\/olgaispizuaabogada.com\\\/#organization\",\"name\":\"Despacho Abogados\",\"url\":\"https:\\\/\\\/olgaispizuaabogada.com\\\/\",\"logo\":{\"@type\":\"ImageObject\",\"inLanguage\":\"eu\",\"@id\":\"https:\\\/\\\/olgaispizuaabogada.com\\\/#\\\/schema\\\/logo\\\/image\\\/\",\"url\":\"https:\\\/\\\/olgaispizuaabogada.com\\\/wp-content\\\/uploads\\\/2025\\\/04\\\/cropped-Estudio-de-abogados.png\",\"contentUrl\":\"https:\\\/\\\/olgaispizuaabogada.com\\\/wp-content\\\/uploads\\\/2025\\\/04\\\/cropped-Estudio-de-abogados.png\",\"width\":333,\"height\":329,\"caption\":\"Despacho Abogados\"},\"image\":{\"@id\":\"https:\\\/\\\/olgaispizuaabogada.com\\\/#\\\/schema\\\/logo\\\/image\\\/\"}}]}<\/script>\n<!-- \/ Yoast SEO plugin. -->","yoast_head_json":{"title":"Servicios - Despacho Abogados","robots":{"index":"index","follow":"follow","max-snippet":"max-snippet:-1","max-image-preview":"max-image-preview:large","max-video-preview":"max-video-preview:-1"},"canonical":"https:\/\/olgaispizuaabogada.com\/eus\/servicios\/","og_locale":"en_US","og_type":"article","og_title":"Servicios - Despacho Abogados","og_description":"SERVICIOS Derecho penal y derecho civil (familia) Derecho Penal Defensa y representaci\u00f3n en procedimientos penales. Asistencia a detenidos y declaraciones ante la Polic\u00eda y Juzgados. Delitos contra las personas (lesiones, homicidios, amenazas, coacciones). Delitos contra la propiedad (robos, hurtos, estafas, da\u00f1os). Procedimientos de violencia de g\u00e9nero y \u00f3rdenes de protecci\u00f3n. Recursos ante sentencias y otros [&hellip;]","og_url":"https:\/\/olgaispizuaabogada.com\/eus\/servicios\/","og_site_name":"Despacho Abogados","article_modified_time":"2025-04-07T07:19:52+00:00","og_image":[{"width":1500,"height":1000,"url":"https:\/\/olgaispizuaabogada.com\/wp-content\/uploads\/2025\/04\/129362.jpg","type":"image\/jpeg"}],"twitter_card":"summary_large_image","twitter_misc":{"Est. reading time":"1 minutua"},"schema":{"@context":"https:\/\/schema.org","@graph":[{"@type":"WebPage","@id":"https:\/\/olgaispizuaabogada.com\/servicios\/","url":"https:\/\/olgaispizuaabogada.com\/servicios\/","name":"Servicios - Despacho Abogados","isPartOf":{"@id":"https:\/\/olgaispizuaabogada.com\/#website"},"primaryImageOfPage":{"@id":"https:\/\/olgaispizuaabogada.com\/servicios\/#primaryimage"},"image":{"@id":"https:\/\/olgaispizuaabogada.com\/servicios\/#primaryimage"},"thumbnailUrl":"https:\/\/olgaispizuaabogada.com\/wp-content\/uploads\/2025\/04\/129362-1024x683.jpg","datePublished":"2024-07-18T09:03:50+00:00","dateModified":"2025-04-07T07:19:52+00:00","breadcrumb":{"@id":"https:\/\/olgaispizuaabogada.com\/servicios\/#breadcrumb"},"inLanguage":"eu","potentialAction":[{"@type":"ReadAction","target":["https:\/\/olgaispizuaabogada.com\/servicios\/"]}]},{"@type":"ImageObject","inLanguage":"eu","@id":"https:\/\/olgaispizuaabogada.com\/servicios\/#primaryimage","url":"https:\/\/olgaispizuaabogada.com\/wp-content\/uploads\/2025\/04\/129362-1024x683.jpg","contentUrl":"https:\/\/olgaispizuaabogada.com\/wp-content\/uploads\/2025\/04\/129362-1024x683.jpg"},{"@type":"BreadcrumbList","@id":"https:\/\/olgaispizuaabogada.com\/servicios\/#breadcrumb","itemListElement":[{"@type":"ListItem","position":1,"name":"Portada","item":"https:\/\/olgaispizuaabogada.com\/"},{"@type":"ListItem","position":2,"name":"Servicios"}]},{"@type":"WebSite","@id":"https:\/\/olgaispizuaabogada.com\/#website","url":"https:\/\/olgaispizuaabogada.com\/","name":"Despacho Abogados","description":"Zuzenbide penala eta zuzenbide zibila (familia)","publisher":{"@id":"https:\/\/olgaispizuaabogada.com\/#organization"},"potentialAction":[{"@type":"SearchAction","target":{"@type":"EntryPoint","urlTemplate":"https:\/\/olgaispizuaabogada.com\/?s={search_term_string}"},"query-input":{"@type":"PropertyValueSpecification","valueRequired":true,"valueName":"search_term_string"}}],"inLanguage":"eu"},{"@type":"Organization","@id":"https:\/\/olgaispizuaabogada.com\/#organization","name":"Despacho Abogados","url":"https:\/\/olgaispizuaabogada.com\/","logo":{"@type":"ImageObject","inLanguage":"eu","@id":"https:\/\/olgaispizuaabogada.com\/#\/schema\/logo\/image\/","url":"https:\/\/olgaispizuaabogada.com\/wp-content\/uploads\/2025\/04\/cropped-Estudio-de-abogados.png","contentUrl":"https:\/\/olgaispizuaabogada.com\/wp-content\/uploads\/2025\/04\/cropped-Estudio-de-abogados.png","width":333,"height":329,"caption":"Despacho Abogados"},"image":{"@id":"https:\/\/olgaispizuaabogada.com\/#\/schema\/logo\/image\/"}}]}},"_links":{"self":[{"href":"https:\/\/olgaispizuaabogada.com\/eus\/wp-json\/wp\/v2\/pages\/13","targetHints":{"allow":["GET"]}}],"collection":[{"href":"https:\/\/olgaispizuaabogada.com\/eus\/wp-json\/wp\/v2\/pages"}],"about":[{"href":"https:\/\/olgaispizuaabogada.com\/eus\/wp-json\/wp\/v2\/types\/page"}],"author":[{"embeddable":true,"href":"https:\/\/olgaispizuaabogada.com\/eus\/wp-json\/wp\/v2\/users\/3"}],"replies":[{"embeddable":true,"href":"https:\/\/olgaispizuaabogada.com\/eus\/wp-json\/wp\/v2\/comments?post=13"}],"version-history":[{"count":115,"href":"https:\/\/olgaispizuaabogada.com\/eus\/wp-json\/wp\/v2\/pages\/13\/revisions"}],"predecessor-version":[{"id":1077,"href":"https:\/\/olgaispizuaabogada.com\/eus\/wp-json\/wp\/v2\/pages\/13\/revisions\/1077"}],"wp:attachment":[{"href":"https:\/\/olgaispizuaabogada.com\/eus\/wp-json\/wp\/v2\/media?parent=13"}],"curies":[{"name":"wp","href":"https:\/\/api.w.org\/{rel}","templated":true}]}}